Suppose -6*z + 1399 = -3449. What is the hundreds digit of z?
8
Let y be 4/((-8)/38) + 1. What is the tens digit of (-27)/y*68/3?
3
Let c(q) = 5*q**2 + 12*q - 11. Let s be c(-7). Suppose 0 = 8*i - 6*i - s. What is the units digit of i?
5
Suppose 5*x - 316 = 684. Let c = 467 - x. What is the units digit of c?
7
Let a(z) = z + 12. Let r be a(-9). Let v(f) be the third derivative of f**4/3 + 3*f**2. What is the units digit of v(r)?
4
Suppose 19*l - 5554 = 868. What is the units digit of l?
8
Let f(l) = 4*l + 74. What is the units digit of f(-6)?
0
Let l(c) = 2*c**3 - 3*c**2 + 3*c - 5. Let n be l(2). Suppose 5*v = b - 80, -n*b - 3*v + 284 = v. What is the units digit of b?
0
What is the units digit of (3 + 18)/((-6)/(-212))?
2
Let r(v) = -81*v**3 + v**2 + v - 1. Suppose 0 = 5*y + 15 - 10. What is the units digit of r(y)?
0
Let k(i) = -i - 1. Let x(p) = p**2 - 8*p - 6. Let s(h) = -6*k(h) + x(h). Let c be s(10). What is the units digit of 6/(-4)*c/(-30)?
4
Let y = 33 - 33. Suppose y*z - z + 11 = -s, 11 = z + s. What is the tens digit of z?
1
Suppose 0 = 2*p + 6*p - 32. What is the units digit of (1 + -17)/p - -28?
4
Suppose -6*q + 35 = q. Suppose c = -q + 25. What is the units digit of c?
0
Suppose -21*f + 6*f + 495 = 0. What is the tens digit of f?
3
Let i(t) = t**2 - 2*t - 4. Let s be i(4). Suppose -y - 24 = -3*y + 2*j, 0 = -3*y + s*j + 38. Suppose -5*k + y*k = 25. What is the units digit of k?
5
Let p = 53 + -30. Suppose 4*q + p = b, 0 = -3*q + 2*q - 5. What is the tens digit of (0 - -1)/(b/87)?
2
Suppose 5 = q - 5*a, -2*q + 5*a = -19 + 4. Let u be 375/50*16/q. Let g = 64 - u. What is the units digit of g?
2
Let h(o) = -2*o**3 + 7*o + 13. Let n be h(-5). Let d = -127 + n. What is the units digit of d?
1
Suppose 72*c = 70*c. Suppose c = 3*o, -5*q - 5*o = 83 - 313. What is the tens digit of q?
4
Suppose 30 = b + 5*o, -o + 3 = -1. Let v = -5 + b. Let n(s) = s**3 - 6*s**2 + 9*s - 12. What is the units digit of n(v)?
8
Suppose 0 = 5*q - 14 - 46. Suppose 0 = 4*o + q, -3*p - 2*o + 99 = -0*o. What is the units digit of p?
5
Let i = -3268 - -4196. What is the hundreds digit of i?
9
Let d(n) be the third derivative of -n**6/120 + n**5/12 + n**4/2 + 7*n**3/6 + n**2. Suppose 0 = -0*j - 20*j + 120. What is the units digit of d(j)?
3
Let o = -12 - -13. Let r be o - -1 - (-15 - -13). Suppose 3*p - 71 = -q, 4*p - 2*p - r*q - 52 = 0. What is the tens digit of p?
2
Suppose 0 = -10*n - 27 - 13. What is the units digit of (1 - -11)*(-13)/n?
9
Suppose -s = -4*x - 885, 0 = 3*s - 9*x + 8*x - 2644. What is the tens digit of s?
8
Let j = -718 + 1078. Suppose -4*p = -12 - j. What is the tens digit of p?
9
What is the hundreds digit of (-3)/((-11508)/2301 + 5)?
3
Let d(v) = 8*v**3 + 7*v**2 - 26*v + 2. What is the units digit of d(3)?
3
Suppose -199 = -2*c + 621. What is the units digit of c?
0
Let h = -93 - -96. Suppose 373 = h*z + 4*a, 2*z + a + 14 - 256 = 0. What is the tens digit of z?
1
Let p = -165 - -168. What is the units digit of p?
3
Let n = 37 + 332. What is the tens digit of n?
6
Let v = -53 - -82. Let f = 130 + v. What is the units digit of f?
9
Let k(n) = 2*n**3 + 36*n**2 + 13*n + 45. What is the thousands digit of k(-15)?
1
Let t = -1089 - -1196. What is the tens digit of t?
0
Let w = 25 + -19. Suppose -3*c - 31 = 5*g, w*g + 19 = 3*c + g. What is the units digit of 1/c + (-11)/(-2)?
5
Let c = 76 - -57. What is the tens digit of c?
3
Let w be -2 + (-1 - 2) + 0. Let y(g) = g**3 + 4*g**2 - 5*g + 5. Let v be y(w). Suppose 0 = -2*x + v*f - 1, -3*x + 4 = -4*f - 5. What is the units digit of x?
7
Let k = -46 - -46. Suppose k = -5*i + 15 + 60. What is the units digit of i?
5
Let l = 0 + 109. Let c = l + -70. Let o = -18 + c. What is the units digit of o?
1
Suppose -139*n + 125 = -134*n. Suppose 35*w - n*w - 1700 = 0. What is the units digit of w?
0
Let z(h) = h**2 + 41*h - 185. What is the hundreds digit of z(38)?
8
Let a(n) = n - 32. Let f(j) = 3*j - 95. Let q(h) = 11*a(h) - 4*f(h). What is the units digit of q(0)?
8
Let k be 228/(-16) + -7 - (-1)/4. Let g be 4/14 + 257/7. Let x = g + k. What is the units digit of x?
6
Suppose 542 = y + 127. Suppose -2*r - 141 = -3*r + 4*n, 3*r - y = 4*n. What is the units digit of r?
7
Let s be (3 - 4)/(0 - 1). Suppose 36 = -26*k + 17*k. What is the units digit of -1*s/(k/132)?
3
Let c(h) = 4*h**2 + 101*h + 8. What is the units digit of c(19)?
1
Suppose -5*v + 1190 = 5*j, -j - 3*v = v - 250. What is the tens digit of j?
3
Suppose -302*c + 880 = -294*c. What is the tens digit of c?
1
Let d = 419 - 338. What is the tens digit of d?
8
Suppose 2*m - 4 = -0. Suppose -2*c + c = -m. Suppose -3*z - c*d - d = -126, -2*d = 3*z - 124. What is the units digit of z?
0
Let r(p) = -9*p**3 + 3*p + 3. Let b be ((-6)/(-15))/(3/(-15)). What is the units digit of r(b)?
9
Suppose -5*l = 2*v - 6011, 0 = -2*v + l - 1568 + 7609. What is the units digit of v?
8
Suppose 2*o + 13 = 2*m - 3*m, o - 5*m = -1. Let w = 9 + o. What is the units digit of w?
3
Let l = -1578 - -3841. What is the hundreds digit of l?
2
Let j(a) = -a - 1. Let x(i) = 3*i - 1 + 2 + 16*i + 0*i. Let l(k) = -j(k) - x(k). What is the tens digit of l(-1)?
1
Suppose -5*v - 16*p + 10025 = -15*p, 5*v = -5*p + 10005. What is the tens digit of v?
0
Let k(v) = -4*v**3 - 27*v**2 - 3*v - 75. What is the units digit of k(-8)?
9
What is the tens digit of 24/(-3) + 494 + 34?
2
Suppose 23*g - 26*g - 372 = 0. What is the tens digit of (g/(-93))/(1/39)?
5
What is the thousands digit of (0 + 9/18)*4786?
2
Let z(v) = 79*v**2 + v - 70. What is the hundreds digit of z(-6)?
7
Let r(q) = -q**2 + 12*q - 6*q - 3 + 2*q. Let f be r(2). Suppose 4*g - f*g = -175. What is the units digit of g?
5
Let c be (-22)/77 + (-86)/(-7). Suppose c*n - 320 = 7*n. What is the units digit of n?
4
Let l(n) = 16*n**2 - n - 1. Let w be l(-1). Suppose -w*s + 687 = -13*s. What is the units digit of s?
9
Let j be 1/((-3)/(-30) - 0). Let f(o) = o**2 - 5*o + 14. Let r be f(5). Let k = r - j. What is the units digit of k?
4
Suppose -2*i - m = 3*i + 555, 0 = -2*m + 10. Let o = 166 + i. What is the tens digit of o?
5
Suppose -2*f + 129 = b, 4*f + 4*b - 114 = 2*f. What is the tens digit of f - (12/4 - 3)?
6
Let y(q) = -3*q**3 + 2*q**2 - 29*q - 123. What is the tens digit of y(-5)?
4
Let g = 47 + -44. Suppose 5*f = -g*v + 183, -f = -v - 0*v + 61. What is the units digit of v?
1
Suppose 41*w - 45*w = 588. Let r = -75 - w. What is the tens digit of r?
7
Suppose 227 + 6952 = 3*v. What is the hundreds digit of v?
3
Let m(r) be the third derivative of 7*r**4/6 + 7*r**3/2 + 18*r**2. What is the hundreds digit of m(5)?
1
Suppose 0 = -4*s + 8*s - 2040. Suppose -s = -7*j - 13. Let z = j - 27. What is the units digit of z?
4
Let m(l) = 119*l - 35. What is the tens digit of m(4)?
4
Let n(a) = 35*a**2 + 29*a + 21. What is the units digit of n(8)?
3
Suppose 1176 = -0*f + 2*f - s, 0 = 2*f + 3*s - 1184. What is the tens digit of f?
8
Suppose 3*q - 3*w - 4059 = 0, -10*w + 2710 = 2*q - 8*w. What is the hundreds digit of q?
3
Suppose 10*z - 4*z = 30. Let l be (-406)/(-10) - 3/z. What is the units digit of 2220/l + 2/4?
6
Let g be (0/10)/(2 + -3). Let b be 4/(-10) + (-12)/(-5). Suppose 0*n + b*n - 18 = g. What is the units digit of n?
9
Let z(c) be the third derivative of c**4/4 - 5*c**3/3 - 37*c**2. What is the tens digit of z(7)?
3
Let k(a) = a + 24. Let o be k(-19). What is the tens digit of (624/(-20))/(-4)*o?
3
Let y(f) = -96*f - 9. Let b be y(-10). Let i = b - 631. Suppose 4*a + 3*o - 317 = 0, 2*a - 6*a - 4*o = -i. What is the tens digit of a?
7
Let l(t) = -2*t**2 + 6*t + 2. Let a be l(6). Let b = 48 - a. What is the tens digit of b?
8
Suppose -5*m = -10*m + h + 16, 3*m = 4*h + 13. What is the tens digit of ((-175)/(-21))/(1*m/54)?
5
Suppose 0 = -4*c + 4*z + 16, -c - 8 = -3*c - 2*z. Suppose 4*k = 5*f + 29, c*f + 2*k + 19 = k. Let x(q) = -q**3 - 4*q**2 - q. What is the tens digit of x(f)?
3
Let q(z) = -z**3 + 5*z**2 + 4. Let c be q(5). What is the units digit of (c/1)/(2/31)?
2
Let g = -115 - -197. Let b = 158 - g. What is the units digit of b?
6
What is the tens digit of (-351)/(-5)*9 + (-5)/(-25)?
3
Let i = 18 + -8. Suppose 2*b + i = -2*g, -4*b + 4 = -3*g - g. Let q(t) = -9*t - 1. What is the tens digit of q(b)?
1
Let t = 2615 - 1482. What is the tens 